39.
5
Let n(w) = 10*w**3 - 2*w + 1. Suppose 17*o - 13*o - 144 = 0. Suppose x = 2*m + o, -14*x - 2*m = -12*x - 96. Calculate the remainder when x is divided by n(1).
8
Let n(j) = -5*j**2 + 10*j + 21. Let w be n(8). Let f = -148 - w. Calculate the remainder when f is divided by 24.
23
Let k be -838*((-11)/14 - 12/(-42)). Suppose 2*i = -4*j + 192, -4*i + 6*j - 7*j = -k. Calculate the remainder when i is divided by 37.
32
Let d = 5 + 44. Let r(z) = -9*z - 27. Calculate the remainder when r(-13) is divided by d.
41
Suppose 2*n + 2*n = 272. Let q = 35641 + -35438. Calculate the remainder when q is divided by n.
67
Let t = -148 + 99. Let f = t - -92. Let k = 14 + -5. Calculate the remainder when f is divided by k.
7
Let p be -2 + (-1)/(20855/(-4170) + 5). Calculate the remainder when (603/12)/((-13)/(p/(-24))) is divided by 53.
28
Let x(n) = 54*n**3 + 2*n**2 - 2*n + 1. Suppose 0 = -101*j + 97*j + 48. Suppose 0 = j*p - 6*p - 114. What is the remainder when x(1) is divided by p?
17
Let r = -7 + 10. Suppose -4*q + 3 = r. Let x = 14 + q. What is the remainder when 67 is divided by x?
11
Suppose -16*s + 1808 + 7920 = 0. Let u = 644 - s. What is the remainder when 150 is divided by u?
6
Suppose -y + 53 = -0*y - 2*m, 4*m = -5*y + 293. Suppose -2*h = 5*k - 104, -758 = 2*k + h - 801. Calculate the remainder when y is divided by k.
3
Let a(w) = -61*w**3 + w**2 + 3*w. What is the remainder when a(-2) is divided by 38?
30
Let s = 3155 - 3148. What is the remainder when 846 is divided by s?
6
Let d(o) = -o**3 - 11*o**2 - 5*o + 18. Let i be d(-10). Calculate the remainder when 12 is divided by (-8)/14*(i + 25).
0
Suppose -33 = 3*p - h - 161, -3*p + 5*h = -112. Let k = 4361 + -4191. What is the remainder when k is divided by p?
38
Suppose -4*q + 10*o + 44 = 6*o, 3*o - 95 = -5*q. Calculate the remainder when 412 is divided by q.
12
Let m = -107 + 111. Suppose m*b - 199 = -5*f, -b - 3*f = b - 99. What is the remainder when b is divided by 23?
5
Suppose -2*i - 38 = -4*a, 6*a = 2*a + 4*i + 36. Suppose -a*f - 7*f = -221. What is the remainder when 101 is divided by f?
10
Suppose c = -5*o - 750, -o = -3*c - 5*o - 2272. Let h = -89 - c. Suppose h = 4*l + 207. What is the remainder when l is divided by 39?
38
Suppose -3*i - i = 56. Let h(f) = -f**3 - 14*f**2 + 4*f + 20. Let n be h(i). Let u = n - -42. What is the remainder when 20 is divided by u?
2
Let h = 22 - 46. Let a = 53 + h. Let k = 41 - a. Calculate the remainder when k is divided by 8.
4
Let z(r) = 4*r**2 - 22*r - 4. What is the remainder when z(15) is divided by 270?
26
Let h(j) be the first derivative of 2*j**3/3 + j**2/2 - 179*j - 145. What is the remainder when h(11) is divided by 37 - (-1 + 3)/(-2)?
36
Let t = 4020 + -3291. What is the remainder when t is divided by 57?
45
Let i = -52 + 175. Suppose -237 = -6*a + i. Calculate the remainder when 231 is divided by a.
51
Let y be ((6/2)/3)/(-1 - -2). Let k be (y*158)/(12/(-6 + 12)). Suppose -4*u = -4*h + 76, -3*h + k - 18 = -5*u. What is the remainder when h is divided by 11?
6
Let q = 44913 - 44865. Suppose 3*u - 174 = 105. What is the remainder when u is divided by q?
45
Let g = -11478 + 18074. Calculate the remainder when g is divided by 25.
21
Let u = -29 + 34. Suppose -h + u*h = 104. Suppose -x + 5*x + 16 = 0, v - x - 157 = 0. Calculate the remainder when v is divided by h.
23
Suppose -280*k - 627 = -269*k. Let y = -10 - 0. What is the remainder when 36 is divided by (y/(-15))/((-2)/k)?
17
Suppose 3*f + 54 = -222. Let c = f - -107. Let k(n) = -n**2 + 16*n + 6. Calculate the remainder when 186 is divided by k(c).
18
Suppose 3*z = -m + z + 53, -5*m = 3*z - 258. Let c(r) = -2*r**2 - 18 + 2 - 8 - r**3 + 42 + 15*r. Calculate the remainder when m is divided by c(-5).
15
Let c(v) = -v**3 + 8*v**2 - 6*v - 4. Let l be c(7). Calculate the remainder when 49 is divided by (-1)/(1/(-48)*l).
1
Let l(t) = t**3 - 39*t**2 - 32*t + 169. What is the remainder when l(40) is divided by 26?
21
Suppose 30*m + 7*m + 11*m = 31632. What is the remainder when m is divided by 15?
14
Let z = 9454 - 9302. Calculate the remainder when 765 is divided by z.
5
What is the remainder when 331 is divided by -34 + 26 + (-1 - -25)?
11
Let l(s) = -8*s - 38. Let t be l(-3). Let g(o) = -o - 10. Suppose 0 = -2*a - 8 + 42. What is the remainder when a is divided by g(t)?
1
Let h(k) = -k - 1. Let l(d) = -d**2 - 6. Let p(j) = -5*h(j) - l(j). Let x(f) = f**3 - 8*f**2 + 10*f - 12. What is the remainder when p(-7) is divided by x(7)?
7
What is the remainder when (7920/14)/(27/630*5) is divided by 139?
138
Suppose 300449*r = 300391*r + 464. What is the remainder when 1977/12 + (-1)/(-4) is divided by r?
5
Let d(t) = 474*t + 484. What is the remainder when 174 is divided by d(-1)?
4
Let h(u) = u**2 - 2*u + 1. Let r be h(2). Let i be (2/4)/((4/(-8))/r). Calculate the remainder when 42 is divided by (i - (-67)/3) + (-10)/(-15).
20
Suppose -104*l + 159*l = 90*l - 239365. What is the remainder when l is divided by 8?
7
Suppose 3451*o - 618 - 601 = 3411*o - 59. Suppose b + 3*b = 40. Let l = b + -6. Calculate the remainder when o is divided by l.
1
Suppose 8*c - 15*c = -28. Suppose 0*s = 5*s + 2*t - 438, t = c*s - 340. What is the remainder when s is divided by 15?
11
Let u be 8*5/(-10) - -4. Suppose -20 = -5*p - u*p. Let n(l) = -l**2 + 16*l - 17. Calculate the remainder when n(14) is divided by p.
3
Let l(q) = -q**3 + 11*q**2 - 32*q + 355. What is the remainder when 823 is divided by l(9)?
136
Let v = -57 - -64. Let x = v + -28. Calculate the remainder when 61 is divided by x/(1 + -5 + 3).
19
Let l = 57 + 27. Let s(x) = -x**2 + 29*x - 57. Calculate the remainder when l is divided by s(25).
41
Let o = -12918 - -13197. Calculate the remainder when o is divided by 71.
66
Suppose 6*k + 110 = 11*k. Suppose 5*s + 3 = 4*g, 2*g - g - 17 = -2*s. What is the remainder when (-1)/((-3)/(-1) - 68/k) is divided by g?
4
Suppose 8*q = -6*q + 42. Let y(g) = 8*g**2 + 5*g - 20. What is the remainder when y(q) is divided by 20?
7
What is the remainder when ((-11)/(33/6))/1 - -467 is divided by 52?
49
Let n = -58 - -56. Let o be 93 + (-2)/(-2 - -4) + n. Suppose 3*z - 107 = -4*b, 8*b - 5*z - o = 3*b. Calculate the remainder when 86 is divided by b.
17
What is the remainder when 4/(-16)*(-5)/(25/19340) is divided by 12?
7
Let w(k) = -6*k + 119. Suppose -3*x = -31 + 1. What is the remainder when w(18) is divided by x?
1
Let d = 461 + -388. Suppose m = -5*r + 85, d = -4*r - 3*m + 141. Calculate the remainder when 54 is divided by r.
3
Let x = -18530 - -18820. What is the remainder when x is divided by 10?
0
Suppose -41*w + 51*w = -20*w + 9120. What is the remainder when w is divided by 7?
3
Suppose 0 = 177*p - 178*p + 7, -4*y - 2*p = -234. What is the remainder when 7476 is divided by y?
51
Let t(s) = -13 - 13*s**2 - 4 + 19 - 3*s. Let k be t(1). Let a = 27 + k. What is the remainder when 64 is divided by a?
12
Suppose 4*g + 3*d - 5097 = 0, -g - 4*d + 719 = -578. Calculate the remainder when g is divided by 13.
8
Suppose 2*h = 79 - 19. Let u = -68 + 102. Suppose 0 = 3*f - u + 1. What is the remainder when h is divided by f?
8
Let a(q) = 8*q - 13. Suppose 13 = -0*r + 2*r - j, 4*r - 24 = 4*j. What is the remainder when 123 is divided by a(r)?
37
Let n be ((-4)/(-6))/((-18)/783). Let i = n - -31. Suppose -i*q + 3*s + 61 = -49, -2*q + 102 = -s. Calculate the remainder when q is divided by 13.
10
Calculate the remainder when 5146 is divided by (10 + 1314/(-54) + 18)/((-1)/(-27)).
97
What is the remainder when 1232 is divided by 19*(-205)/(-82)*4/10?
16
Let b(p) = 5*p**3 + 2*p**2 - 33*p + 56. Let o(n) = n**2 - 4*n. Calculate the remainder when b(2) is divided by o(6).
2
Let a(v) be the third derivative of v**6/120 - v**4/24 - v**3/2 + v**2. Let q = 1493 + -1490. What is the remainder when a(q) is divided by 13?
8
Let d(g) = 21*g**2. Let t(m) = 7*m**2 - 184*m + 994. Calculate the remainder when t(6) is divided by d(-1).
16
Let j(k) be the second derivative of -4*k**3 - 43*k**2/2 + 10*k. Let u be j(-10). Let y = -102 + u. Calculate the remainder when y is divided by 14.
11
Let q = 75 + -72. Suppose -q*y + 231 = -3*w, 2*w + 165 = 4*y - 147. What is the remainder when y is divided by 41?
38
Let m = 62 - 61. Let d be 24/(m + 3) + -4. Suppose -